 -21 + (3 - -8) - (2 - 5).
-7
What is -284 - -320 - (23 + 5)?
8
What is 15 + (200 + -187 - (-2 + 18))?
12
0 + -25 + 6 + -1
-20
Calculate (0 + 11 - -1) + 7 - (1 - -5).
13
What is the value of (-4 - -15 - 22) + 11 + -4 + 35?
31
What is the value of 11 + 12 + -5 + -22?
-4
What is 5 + (14 - (3 + 8))?
8
-4 + 6 + -7 - (-22 - -26)
-9
What is the value of 2 - 7 - (-2 + -4 - (-5 - -9))?
5
What is the value of 1 + 24 + (8 - 12) + (-76 - -71)?
16
7 + 11 + -5 + -11
2
Calculate (-4 + (1 - -1) - 2) + (16 - 14).
-2
Calculate 35 + -2 + 2 - (-36 + 13 + 34).
24
Calculate 26 - (64 + -42 + -13 + 3).
14
(-4 - -4) + (6 - (3 + -7) - -6)
16
8 - (-2 - -12) - 2
-4
Evaluate -10 - (12 + (-1 - (-1 - -5))).
-17
Evaluate -6 + 1 - (-7 + 0 + -7).
9
What is the value of -11 + (-14 - 0 - (18 - (50 + -22)))?
-15
Evaluate -8 + 4 + -6 - -6 - -17.
13
What is the value of (-12 - (-14 - (-21 + 17))) + (40 - 1)?
37
What is 4 - (-26 + 5 + 19)?
6
Evaluate (37 - 49) + (30 - 12).
6
7 + (-1 - -1 - (13 - 1 - 5))
0
Evaluate -10 + (-13 - (-7 - (5 - 6))).
-17
What is (21 - 9 - 17) + 1?
-4
What is 3 - 36 - (-25 + 11)?
-19
Evaluate 120 - 109 - (0 - -12).
-1
Calculate -24 + 0 - ((-9 + -6 - -12) + 8).
-29
-14 + 6 + 6 + (8 - 0) - 8
-2
What is the value of 1 + (-23 - (-14 + 13))?
-21
Calculate (-7 + 6 + 9 + -6 - 9) + 2.
-5
What is (-1 + -16 - 0) + (564 - 567)?
-20
Evaluate (5 - 1) + 1 + -61 + 44.
-12
6 + (-12 - -6) + 14 + 17
31
What is -6 + (-18 - -17) + -3 + -2?
-12
What is the value of (-8 - (-3 + 4)) + 19?
10
Evaluate -1 + -1 + 0 + (6 + -6 - -33).
31
What is the value of (1 - -7) + (1 - 9) + -2?
-2
Calculate (3 - 1) + (-7 - 1) + 7 - -14.
15
What is 24 + 14 + -29 - (-4 + 24)?
-11
What is the value of (-1 - -14) + 436 + -424 + -11?
14
9 + 8 + (-57 - (9 + (-6 - 6)))
-37
Calculate -13 + -23 - -36 - -21.
21
What is -15 + 2 + (34 - 33)?
-12
Evaluate 6 - -19 - (16 - (-8 + 10 + 6)).
17
What is the value of (3 - 0) + 0 + -48 + 58?
13
Evaluate (-7 + (0 - -7) - 1) + 18 + -2.
15
Evaluate 1 - (-4 + -2 + -17 + 4).
20
What is (-21 + -10 - -30) + -31?
-32
(3 - -1) + 2 - (-15 - -26)
-5
What is 25 - ((0 - -3) + (15 - 26) + 19)?
14
Calculate 10 - (7 - 11 - -8) - (-3 + -1).
10
What is 17 - (-2 - -10) - (9 - -1)?
-1
What is 7 - (2 - 7) - (-99 + 100)?
11
What is 8 + -9 + (-3 - -2) - (-5 + 12)?
-9
Calculate 9 - (11 + (-36 - (-1 - 5))).
28
Evaluate -12 + 0 + -184 + 193.
-3
Evaluate 7 - -46 - (-33 - -65).
21
What is 3 + (-13 - (2 + (-5 - -11 - 6)))?
-12
What is (0 - -11) + -20 + -2 + 7 - -30?
26
Evaluate 10 - (0 - (3 + -5)).
8
Evaluate (24 - 18 - 3) + 2.
5
What is 9 + -12 - (-3 - 11) - (10 - 3)?
4
6 + -7 + -9 - -2 - (-1 + 4)
-11
What is -11 - (-25 - -8) - 2 - (-10 - -1)?
13
Calculate -2 + (-4 - (-4 - -2 - -4)).
-8
What is the value of -1 - (3 - -2 - (-48 + 42))?
-12
Calculate (-14 - 11) + 11 + 11.
-3
-6 + 12 + (-8 + -1 - -3) + -3
-3
Evaluate 0 + 13 + -5 + -9.
-1
3 + 0 - ((12 - (27 + -11)) + -14)
21
What is the value of -6 + (8 - ((0 - -3) + 14) - -2)?
-13
Calculate 1 + (-25 + 14 - -8 - -5).
3
Calculate -14 - (-9 - 30) - 4 - (-2 - 1).
24
Calculate 1 - -4 - 11 - -9 - (0 - -9).
-6
Calculate 1 + 4 + (6 - 6) + -3 + -7.
-5
What is 0 + 0 + -4 + -8 + (-4 - -3)?
-13
Evaluate (-26 - -17 - (5 - -1)) + 1 + 4.
-10
What is the value of -10 - (-2 + 8 - (23 + 10))?
17
(-1221 - -1217) + (2 - (-25 + -1))
24
Evaluate 4 - -57 - (-382 + 417).
26
What is 19 + -4 + -35 + 24?
4
3 + (4 - -5 - 15) - -11
8
Evaluate 10 - (-16 + 8 + 9).
9
Calculate (-162 - -204) + -33 + 9.
18
What is -19 - (9 - (6 - -3) - 4)?
-15
(-1 - 4) + (24 - (1 + 20))
-2
What is the value of (-28 - -76) + -1 - 28?
19
-707 + 716 - (-1 + 1)
9
16 + -7 + (2 + 8 - (16 - 13))
16
What is the value of (-2 - (-12 - -30)) + 25?
5
Calculate -6 - (-8 + (9 - 11)).
4
Evaluate (-240 - -262) + (1 - 8).
15
-1 - 1 - -10 - 8
0
Calculate -2 + 1 + -2 - (100 + -100).
-3
Calculate 8 - ((-2 - -9) + -6 - -22).
-15
-6 + -11 - (-5 + (3 - -7) + -1)
-21
Calculate 23 - (1 - -4 - (18 - (-23 + 42))).
17
What is (-7 - (-43 + 45 + (-2 - 1))) + 10?
4
(-2 - (-4 - -23 - 4)) + 1
-16
Calculate 9 - (4 - 2) - (-53 - -62).
-2
What is (31 - 65) + (5 - -25)?
-4
Calculate 15 + 16 + -15 + -7.
9
26 - (-32 + (57 - 25))
26
Evaluate -18 + -1 + 0 + 86 + -77 + 17.
7
Evaluate -12 + -5 + (24 - 14 - 14).
-21
What is the value of 10 + -1 - 9 - -1 - -8?
9
Evaluate 2 + 25 + -29 - (3 + -5 + -2).
2
Calculate (34 - 108) + (36 - -7).
-31
What is (19 - 2) + -15 + (-7 - -4 - 6)?
-7
Calculate 3 + -5 + (4 - (3 - 7)) - 1.
5
Calculate -47 - -1 - (-81 + 44).
-9
-167 + 150 + (23 - 0)
6
What is (-4 - 0) + (-33 - -36 - (5 + 0))?
-6
Calculate 11 + 4 + 16 + 1 + 7 + -6.
33
Calculate 3 + 2 + -7 + (-39 - -54).
13
What is (7 - (1 - 0)) + -9?
-3
What is the value of (-23 - -34) + (6 - 12)?
5
3 + (7 + -8 - 14) + 11
-1
What is the value of -9 + (-8 - (-1 - -5 - 7) - -4)?
-10
Evaluate -2 + -15 + (-7 - 7) - -7.
-24
Evaluate 5 - (24 + 11 - 19).
-11
Evaluate (5 - 41) + 52 - (50 - 1).
-33
6 - -9 - (15 - (-1 - -6))
5
Calculate -2 + -3 + (0 - (-3 + (1 - 1))).
-2
(81 + -86 - (-2 + 2 + -1)) + -8
-12
2 + (4 - 9) + 24 + -6 + -5
10
Calculate 0 + -5 + (7 + -15 - (4 - 23)).
6
6 - (-9 + (-2 - -3))
14
6 + 1 + (-15 - 5)
-13
Calculate -6 - (-13 + -7 + 11) - (-1 + 1).
3
What is 0 + (-8 - -3) + 7 + 2 + -9?
-5
337 - 366 - (0 - 17)
-12
Calculate 231 + -250 - (-4 - -2).
-17
What is -4 + (-14 + (5 - -5) - 22)?
-30
What is 14 + 2 + 7 + (9 - 9) + -9?
14
3 - (-5 + -2 - -2 - (0 - -1))
9
What is the value of 43 - (-15 - (8 - 49))?
17
Evaluate (-181 - -186) + (-17 - (-2 - -1)) - 2.
-13
What is -7 + (-4 - (0 + 2) - (-18 + 4))?
1
Evaluate -20 - (-7 - 0 - (-26 + 14 + 14)).
-11
What is the value of -2 - -2 - ((-1 - -9) + (605 - 582))?
-31
What is the value of 13 + (3 - 5) + (1 + 3 - 7)?
8
Calculate -9 + -7 + (9 + -7 - 5).
-19
Calculate (-20 - -3 - 3) + (171 - 175).
-24
(-1 - -6) + -6 + (58 - 31)
26
Calculate 6 - ((2 + -10 - -2) + 112 + -100).
0
What is the value of -31 - (20 + -41) - (-14 - 1)?
5
4 + 1 + -8 + 13 + -20
-10
Calculate 14 - (-7 + (1 - -8)).
12
Evaluate 1 + 13 + -194 + 179.
-1
What is -7 - ((-7 - -16) + -8 + -20)?
12
What is the value of 1 + (-3 - -11) + 47 + -62?
-6
Calculate (-10 - -15) + 15 + (-6 - -19).
33
Calculate -2 + (30 - (34 + -20)).
14
What is the value of -6 + 3 + 12 + 3 + -3?
9
What is -4 - 11 - (-12 + 1)?
-4
Evaluate -24 - (5 - 23) - -37.
31
What is 19 + 14 + -30 - (-13 + 2)?
14
What is the value of -8 + 12 + (-28 - (5 + -5))?
-24
Evaluate -17 - (-27 + 30 + -4).
-16
Evaluate (122 - 134) + (-1 - 0).
-13
(9 - (81 + -34)) + 12 + 1
-25
Evaluate -9 + 0 - (-12 - -3).
0
Calculate 327 + -325 - (16 + 2).
-16
Calculate 1 + (1 + 0 - (1 - 7)).
8
-8 + 3 + 2 - 2 - (30 - 38)
3
Evaluate (-2 - 5) + 50 + -47 - -16.
12
What is the value of -3 + 7 + 3 + (8 - (-7 - -14))?
8
Evaluate 4 - (-3 - (-1 - -16 - 3)).
19
Evaluate -118 - -137 - (-1 - -17).
3
What is -10 - (-9 - -1) - (-2 + -2) - 2?
0
10 + (-4 - 11 - 8 - (-2 - -13))
-24
-143 + 131 + -1 + 9 - (-2 + -17)
15
1 - ((30 - 24 - 0) + (2 - 1))
-6
What is 17 + (-19 - (0 + 5))?
-7
Calculate -21 + (8 - 6 - (1 - 6)).
-14
What is the value of (-3 - 0) + (129 - 120)?
6
What is 0 - 1 - (12 + -19 + -1)?
7
What is 0 + -7 + (3 - -7) - (3 - -1)?
-1
What is the value of 0 + 27 + -59 - -10?
-22
What is (7 - 0) + (-11 - 11) + 17?
2
Evaluate -9 - (-14 + -10 + 8).
7
What is -6 - 1 - (7 - (10 - -2))?
-2
What is the value of -70 - -69 - (-2 + -2 + -4) - -6?
13
What is the value of -9 + 1 - -3 - (-70 + 63)?
2
What is the value of -22 + 18 - (-10 + -4)?
10
-17 + 27 + (17 - 30)
-3
-3 - (-13 + (-5 - -13))
2
Evaluate (5 - -6) + (13 - 15) + 6.
15
-8 + 22 + -3 + 0
11
Evaluate 10 + (18 - (0 - (2 - 30))).
0
Calculate 31 + -33 + 25 + -29.
-6
33 - (55 + -24) - (0 + -2)
4
What is (5 - -1 - ((-9 - -6) + 5)) + -2?
2
What is (34 - (3 + 32) - (27 - 1)) + -2?
-29
Evaluate (-7 + 14 - (0 - 3)) + 2.
12
4 + (-163 - -163 - (-1 + (0 - 0)))
5
Evaluate (4 + -1 - 1) + (-6 + 4 - -7).
7
What is 2 + 8 + -7 + -5 - 5?
-7
What is the value of -18 + -7 + 24 - -14?
13
Evaluate -6 + (10 - 10) + (-5 - (-3 + 0)).
-8
Calculate -21 - (-8 + (-3 - 6) + 10).
-14
4 + (2 - 5) - (13 - (49 - 20))
17
(4 - -12) + (122 - 111)
27
Evaluate -10 - (2 - 8) - (0 + 12 - -3).
-19
Evaluate 0 - ((-3 - -3 - -6) + -1) - -19.
14
What is the value of 20 - (-18 - (-33 + -18))?
-13
(-1 + 6 - -7) + 25 + -50
-13
Eval